est common divisor of i and 13?
13
Let y(s) = 5*s**2 + 63*s - 4. Let i be y(-13). Suppose -2*g - 4 = -48. What is the highest common factor of i and g?
22
Let m(f) be the third derivative of f**5/60 + f**4/24 - f**3/3 + f**2. Let u be m(-5). Let v = 113444 - 113435. What is the highest common divisor of v and u?
9
Let w = 381 + -362. Let q(m) = -m**2 + 27*m - 136. Let g be q(w). What is the highest common divisor of 1168 and g?
16
Let t be 94480/114 + 210/63 - (-2)/(-19). Calculate the highest common factor of t and 128.
64
Let s be 1 - (-44 + 0/4). Let b be 1/(-5) + 8874/s. Suppose 5*v + 4*n = 252, 4*v = -n - 2 + b. What is the highest common factor of v and 6?
6
Suppose 2*a - h = -12, 3*a + 1 = -2*h - 3. Let l be a/4*3 + 8. Calculate the highest common factor of l and 80.
5
Suppose 0 = -5*v + 5*h + 245, -4*h = -3*v + 110 + 35. Suppose 195 - v = 6*j. What is the greatest common factor of 12 and j?
12
Suppose -167 = -5*f - 2*j, -3*j - 5439 = -2*f - 5376. Let c = -810 - -1998. Suppose x + c = 5*x. What is the greatest common divisor of f and x?
33
Suppose -2*w + 12 = 5*d, -5*w + 1 = -2*d - 0. Let x be 392/63 - (w - 14/18). What is the highest common factor of x and 12?
6
Let j(o) = 157*o**2 - 41*o**2 + 1 + 2*o + 81*o**2. Let s = 1174 + -1175. Let f be j(s). Calculate the highest common factor of f and 28.
28
Let b(m) = 76*m**3 - 14*m**2 + 41*m + 5. Let j be b(4). Calculate the highest common divisor of j and 21.
21
Suppose 3*m + 684 = 21*m. Let x be ((-2)/2)/(m/(-494)). Let s be -1 + (2 - 0) + 103. Calculate the highest common factor of x and s.
13
Let w be (-2 - -16)*(8 + (41 - 6)). What is the highest common factor of w and 774?
86
Suppose -991*t + 20 = -971*t. Calculate the highest common factor of t and 343.
1
Let a = -6751 - -8672. Calculate the highest common factor of 17 and a.
17
Let p = 13814 + -13658. Calculate the greatest common divisor of p and 132.
12
Suppose 0 = -41*r + 894 + 828. Calculate the highest common divisor of r and 3423.
21
Let b be 7/4 + -3 + 1203/12. What is the greatest common divisor of 8019 and b?
99
Let i = 53 + -55. Let m be 18/(-2) + -3 + 4/i. Let x be 1/(4/25) - m/(-56). Calculate the highest common divisor of 66 and x.
6
Let r = -19342 + 19484. Calculate the greatest common factor of r and 7597.
71
Suppose 13*c - 31*c + 7992 = 0. Suppose 4*a - 4*h - c = -0*h, 0 = -5*a - 5*h + 605. Calculate the greatest common divisor of a and 29.
29
Let p = -211 - -213. Suppose 3*m + 76 = 4*m - u, 2*m + p*u = 168. Suppose -2*w = -w + 2*k - 16, -w + 16 = 5*k. Calculate the greatest common factor of m and w.
16
Suppose -144*d + 3*d - 1428 = -5940. What is the greatest common divisor of 22 and d?
2
Let o be (-18)/(-12) + 11/2 + 0 + 140. What is the greatest common factor of o and 1092?
21
Suppose -m = m + 6*m - 5120. Calculate the highest common divisor of m and 2816.
128
Suppose 19*t = 737 + 61. Suppose 2*o + 3*o = 50. Suppose -7*x = -o*x + 84. Calculate the greatest common divisor of t and x.
14
Suppose -4*w - 214 = -4*d - 186, 0 = d - 5*w + 13. Calculate the greatest common divisor of 33372 and d.
12
Suppose 3786 + 1023 = -21*u. Let h = u + 351. Calculate the highest common divisor of h and 61.
61
Let k be (-26 - -9) + 12 + 41. Let d = 13 + -24. Let i be 2/((-3)/3) - d. What is the highest common divisor of i and k?
9
Let k(n) = 14*n**2 + 12*n - 3. Let u be k(2). Calculate the greatest common factor of u and 3267.
11
Suppose -f - 3*f - 32 = 0. Let d = f - -20. Suppose 0 = -3*v - 2*v + 420. What is the greatest common factor of v and d?
12
Suppose 0 = t - 3*x - 11, -4*x = 320*t - 316*t - 76. Calculate the greatest common factor of 17 and t.
17
Let k be (-33)/(-2)*((-8)/(-3) - 2). Suppose -37 = -4*i + k. Calculate the highest common divisor of i and 48.
12
Let b(d) = 98*d - 2523. Let w be b(26). Suppose 5*j + 3*n - 2*n = 5125, 2*j - n - 2050 = 0. What is the highest common factor of j and w?
25
Suppose 5*m - 4*u - 270 + 39 = 0, 0 = 3*m + 3*u - 144. Let d be (-7)/28 - 1882/(-8). Calculate the highest common factor of d and m.
47
Let q be 2/(-5) - (9471/35 + -5). Let d = q - -279. Calculate the highest common factor of 481 and d.
13
Let j(i) = -14*i - 93. Let f be j(-7). Suppose 11*z = f*z + 360. What is the greatest common divisor of 36 and z?
12
Let b(m) = m**3 + 5*m**2 + 3. Let g be b(-5). Suppose -2*j = 2*k - 7*j - 362, g*k = j + 517. What is the highest common factor of 38 and k?
19
Suppose -6*d + 485 = -31. Let n = -81 + d. Suppose l = -5*u - 2*l + 172, 3*u - 4*l = 109. Calculate the highest common factor of n and u.
5
Suppose -4*d + 260 = k, -192 = -4*k - 2*d + 778. What is the greatest common divisor of k and 560?
80
Let o(h) = -255*h + 1549. Let w be o(6). Calculate the greatest common divisor of w and 76.
19
Let x(u) = 2*u + 42. Let y be x(-15). Suppose y*i - 8*i - 24 = 0. Let k be (-3)/(-12)*18 + (-3)/i. Calculate the highest common factor of k and 4.
4
Let a be ((-16)/6)/((-3)/9). Let r be 15915/12 - 2/a. Let f be r/10 - 27/45. What is the greatest common divisor of 88 and f?
44
Suppose 29*x - 27*x - 10 = 0. Suppose x*d + 36 = -224. Let u = d - -91. Calculate the greatest common factor of 26 and u.
13
Let o = 12 + 6. Let s = 2717 + -2483. Calculate the greatest common factor of s and o.
18
Let c = 5063 - 551. Calculate the highest common divisor of c and 672.
96
Let z = -9716 - -9837. Calculate the highest common divisor of z and 12463.
121
Let w = 219 + -45. Let c = w + -119. What is the greatest common divisor of 176 and c?
11
Let o be 4218660/(-495)*33/(-6). Calculate the highest common factor of 46 and o.
46
Let m = 1339 - 817. Let a = -422 + m. What is the greatest common factor of a and 25?
25
Let x(u) = -3*u**3 - 11*u**2 - 7*u + 28. Let a be x(-7). What is the highest common divisor of 63 and a?
63
Let a = 292 - 744. Let w = -173 - a. Calculate the greatest common factor of 9 and w.
9
Let g be (-3)/6 + (-22480)/(-32). Let p = 1516 - 1438. What is the greatest common factor of p and g?
78
Let x(b) = 6*b**3 + 544*b**2 - 184*b + 91. Let t be x(-91). Suppose 2*k + 2*c = 4*c + 146, k = -5*c + 103. What is the highest common divisor of t and k?
39
Suppose -5*p + 10212 = 3*b, -5*b + 4821 = 3*p - 1303. Suppose 778 + p = 31*f. Calculate the highest common factor of f and 65.
13
Suppose -2*u + 470*p = 474*p - 48, 0 = -4*u + 5*p - 8. Let n(z) = -z**2 - 4*z + 1. Let b be n(-3). Calculate the greatest common divisor of b and u.
4
Suppose 0 = -4*t + 3*r + 9 - 79, 5*t - 4*r = -87. Let h be (-1014)/21 + (-4)/(-14). Let c = t - h. Calculate the highest common divisor of 87 and c.
29
Let s be 5*(5 + 18/(-15)) - 2/1. Let x be (1 + -3)*728/(-16). Let r = x - 40. What is the greatest common factor of s and r?
17
Let f(d) = -229*d + 234 + 129 - 577. Let v be f(-4). What is the greatest common divisor of 108 and v?
54
Suppose 3*d = -2*l + 6326, 54*d - 55*d - 6 = 0. Calculate the greatest common factor of l and 156.
52
Let m = -1623 + 1650. What is the greatest common factor of 1161 and m?
27
Suppose 8*j = 3*j + 5*d + 8715, 3*j = -3*d + 5259. What is the highest common factor of j and 4?
4
Suppose -270 = -3*z + o, -6*z = -2*z + o - 353. Suppose 8*d - 6*d = y + z, -y = 5. Calculate the highest common divisor of d and 336.
42
Let q = 6186 + -5179. Calculate the greatest common divisor of q and 583.
53
Let k be (2/4)/(1/1350). Suppose 31*p = 28*p + k. Suppose p = 5*r + 5*t, -3*r + 4*t = 52 - 152. What is the highest common divisor of r and 10?
10
Let i = -8075 - -8081. Calculate the greatest common divisor of 486 and i.
6
Suppose 129 = -13*a + 16*a + f, -5*a + 215 = -4*f. Suppose 19*p = a*p - 624. What is the highest common divisor of 442 and p?
26
Let b(g) = -72*g + 60. Let h(a) = 75*a - 58. Let y(c) = 6*b(c) + 5*h(c). Let o be y(-5). Calculate the greatest common divisor of 5 and o.
5
Suppose 3815 = 291*d - 284*d. Let c = d + -515. Calculate the greatest common factor of c and 230.
10
Let d be -2 - 0 - (-15 - -1). Suppose -255 = -3*f - 2*g - g, 315 = 4*f - g. Let t = f + -68. Calculate the highest common divisor of t and d.
12
Let r be (-4)/(24/(-42) + (-15)/35). Let w = 35 + -31. What is the highest common factor of r and w?
4
Let g = -62 - -56. Let r(b) = b**3 + 5*b**2 - 6*b + 7. Let u be r(g). Suppose 0 = -5*s - u + 42. Calcul